).
-4
Let n(g) = -g**2 + 9*g + 2. Let p(b) = -51. Let r(z) = z - 101. Let j(k) = -5*p(k) + 3*r(k). Let a be j(19). Determine n(a).
2
Let s(m) = 5*m - 2. Let n be s(1). Let i be 31 - (n/6 - 3/(-6)). Let j = -26 + i. Let f(r) = -r**3 + 3*r**2 + 3*r - 2. What is f(j)?
-6
Let s be (182 + -183)/(3 - (-40)/(-14)). Let w(p) = -p**3 - 6*p**2 + p - 37. Determine w(s).
5
Let r(v) = 29*v**2 - 5*v**2 + 3*v + 1 - 4*v**2 - 18*v**2. What is r(3)?
28
Let t(q) = q**3 + 5*q**2 + 2*q - 2. Suppose n = -2*n + 5*n. Suppose -4*f + 20 - 172 = n. Let s = -43 - f. Calculate t(s).
-12
Let w(c) = c + 2. Suppose -308 = 9*y - 7*y. Let i = -109 - y. Let x = -43 + i. Calculate w(x).
4
Suppose 0 = 26*p - 485 - 711. Suppose -61*n = -p*n - 105. Let v(b) = 5*b + 19. Let w(u) = -3*u - 13. Let a(f) = 5*v(f) + 8*w(f). Determine a(n).
-2
Let i(c) = -409 + 411 - 12*c**2 + c**3 + 5*c - 5*c**2. Determine i(17).
87
Let z = -90 + 161. Let l = 80 - z. Let j(d) = 84*d - 36*d - 49*d + l. What is j(4)?
5
Let m = -1 - -1. Let w(a) = -6*a**3 + 593 + a + 2*a**3 + 6*a**3 - 601 - a**3. What is w(m)?
-8
Let n(z) = z**3 - 11*z**2 + 16*z + 21. Let j(f) = -f**3 - 58*f**2 + 66*f + 422. Let o be j(-59). What is n(o)?
3
Let k(t) be the third derivative of t**5/40 + 7*t**4/24 + 5*t**3 + 55*t**2. Let h(n) be the first derivative of k(n). Suppose 24*z - 12 = 22*z. Calculate h(z).
25
Suppose -2 = -3*n + 5*n, 5*z - 2*n = 12. Let w(l) = 3*l + 41. Let k be w(-12). Let q(u) = u - u - 2 - 4*u + k. What is q(z)?
-5
Let f = -277 + 300. Suppose 16*p + 7 = f*p. Let s(d) = 11*d + 1. Let k(l) = -23*l - 2. Let w(g) = -3*k(g) - 5*s(g). Determine w(p).
15
Let q(n) be the first derivative of -n**3/3 - 7*n**2 + 8*n + 4850. Give q(-14).
8
Let m(q) be the third derivative of q**6/120 - q**4/6 - q**3/2 - q**2. Suppose 0 = 69*f - 102*f + 594. Suppose 21*u + 6 = f*u, -w = 3*u + 8. Calculate m(w).
-3
Suppose 1951 + 742 = -90*v + 443. Let d(c) = c**2 + 25*c + 2. Give d(v).
2
Let q(b) = -b - 14. Let t be 2 + (-2)/(-6) + (-58)/(-6). Let u(i) = -i**2 + 11*i. Let l be u(t). Determine q(l).
-2
Let d(n) = 2*n**3 + 2*n**2 - n + 2. Let p(y) = 9*y**3 + 5*y**2 - 17*y - 16. Let t(o) = -3*d(o) + p(o). Determine t(-2).
-22
Let r(g) = -g**2 + 14*g - 5. Let u(v) = -44*v**2 - 5*v + 9. Let l be u(3). Let k = l - -416. Give r(k).
-5
Let d(n) = -2*n**2 - 8*n + 1. Let x(c) = 14*c**2 + 54*c + 2. Let v(s) = 6*d(s) + x(s). Give v(-6).
44
Let j(a) be the second derivative of 7*a**4/12 - a**3/3 - 13*a**2/2 - 2054*a. What is j(-4)?
107
Let g(o) be the second derivative of o**6/60 + o**5/60 - o**4/6 + 34*o**2 + 42*o - 1. Let a(z) be the first derivative of g(z). Determine a(-2).
-4
Let l(s) = -2*s + 21. Suppose 386*h + 3*y = 391*h - 25, -2*y + 10 = 0. What is l(h)?
5
Let u(i) = 20945*i + 21 + 47 - 20942*i. Calculate u(-11).
35
Let w be (-114)/40 - (-28)/(-70) - (-6)/(-8). Let p(m) = -m**3 - 8*m**2 - 19*m - 10. Give p(w).
2
Suppose -17 = i - 4*t, 5*i - t + 5*t = 35. Let w(d) = -2*d - 20. Let k be w(-15). Suppose i*a = k*a + 35. Let n(b) = -b. Calculate n(a).
5
Let g(m) = -m**2 - 8*m + 2. Let u = -209 - -140. Let c(i) = -60*i**3 + 2*i**2 + i. Let r be c(-1). Let f = u + r. What is g(f)?
2
Let a(r) be the second derivative of 5*r**3/6 + 22*r**2 + 3*r. Let l be a(-8). Let q(m) = 0*m - 1 + 3*m**2 + 6*m - 5*m**2 - m. What is q(l)?
-13
Let m(w) be the third derivative of 5*w**4/6 + 235*w**3/6 - 248*w**2 - 2*w - 1. What is m(-12)?
-5
Suppose 0 = -15*p + 7*p + 5472. Let n = -676 + p. Let x(c) = -2*c + 14. Calculate x(n).
-2
Suppose -2*a = a - 12. Suppose -a*c - 8 = 3*y - 1, -4*c + 4*y = 0. Let h(k) = -24*k**3 - k**2 - 2*k - 1. Give h(c).
24
Let g(c) = 6*c + 1. Let d(s) = 5 - 7 + 0 - 4*s - 3*s. Let u(w) = -4*d(w) - 5*g(w). Let x = -7 + 2. Calculate u(x).
13
Let v(j) = -22*j - 38. Let a = 24095 + -24098. Determine v(a).
28
Suppose -4*x = 3*c - 90, -4*c - 298 = 2*x - 358. Let q be 3 + 0 + 1 + 1. Let o(i) = q*i + 19 - i**2 - x - 3*i. Give o(4).
-7
Suppose -2*c - 3*j + 35 = 0, -2*c + 32 = -29*j + 31*j. Let r(k) = 6*k - 69. What is r(c)?
9
Suppose 10 = 2*r - q - 0, 5*r - 2*q - 25 = 0. Suppose -b - 2*l - 10 = 0, -b + r*b = -4*l - 20. Let y(u) = -u**2 + 2*u + 6 + 1 - u**3 - u. Determine y(b).
7
Let r(u) be the third derivative of -u**6/120 + 8*u**5/15 - 59*u**4/24 - 31*u**3/6 + 2*u**2 - 1815*u. Give r(30).
-1
Let k(d) = 2*d - 4. Let m be (-16)/4 + (0 - 4)*-1. Let r be (3 - m) + (-1 - -2) + 1. Suppose 0 = -4*g - r*c + 26, 0*c + 6 = 2*g - c. Determine k(g).
4
Let y(h) = -h**2 + 27*h - 42. Suppose -33*d - 150 = -39*d. Let v be y(d). Let x(z) = z**2 - 6*z - 9. Determine x(v).
7
Let g be 2*-1*2/4. Let f(s) = -10*s + 2. Let i(a) = -5*a**3 + a**2 - 29*a + 6. Let y(j) = 3*f(j) - i(j). Determine y(g).
-5
Let f(j) = -356*j + 344*j - j**2 + 3 + 7. Let p = 273 - 286. Calculate f(p).
-3
Suppose -187*h + 110 = -12*h + 2210. Let z(j) = j + 42. Give z(h).
30
Let y(g) = 4*g + 7. Let r(b) = -5*b - 8. Let n(o) = -2*r(o) - 3*y(o). Suppose 0 = -3*c, 1 + 12 = i - 2*c. Suppose 5*a = -20, 3*q + i = 4*a + 14. Determine n(q).
5
Suppose f - 15*w + 13*w - 108 = 0, 0 = 3*f + w - 303. Suppose 2 = -f*i + 103*i. Let d(a) = 2*a**2. What is d(i)?
8
Let q(d) = -4*d**2 + 6*d - 6. Let b = 3684 + -3681. Give q(b).
-24
Let h(j) be the third derivative of -11*j**4/12 + 5*j**3/6 - 14*j**2 + 6*j + 10. Give h(-9).
203
Let k(x) = -x**3 + 11*x**2 + 11*x + 5. Let h be 0 - ((-6 - -6) + 1). Let g be (9*2)/(40/16 + h). What is k(g)?
-7
Let i(h) be the first derivative of h**4/4 - h**3/3 + h**2/2 + 7*h + 38. Let q be (1 - -1)*13/(-26). Let n = 1 + q. Calculate i(n).
7
Let v(i) = 16*i - 136. Let w(n) = 3*n - 27. Let q(k) = -2*v(k) + 11*w(k). Suppose -48*m + 43*m = -16*m. Calculate q(m).
-25
Let s(o) = 679*o - 2034*o + 679*o + 683*o - o**2 - 37. Determine s(7).
-37
Let s(n) = 2*n - 8. Suppose -77 = 50*g - 177. What is s(g)?
-4
Let j(i) = 11*i - 51. Let n(f) = 29*f - 228. Let w be n(8). What is j(w)?
-7
Suppose 161 + 182 = 41*f + 15. Let q(h) = 2*h**2 - 17*h + 13. Give q(f).
5
Let y(j) be the second derivative of -17*j**5/20 - j**2/2 - 291*j. Let b = -115 - -116. What is y(b)?
-18
Let m(r) = 3*r - 14. Suppose 428*f = 437*f - 63 + 198. Give m(f).
-59
Suppose 48*r + 21 = 117. Let g(x) = 4*x + 2 - 6 + 1 + r - 3*x. Suppose 2*l - 3 = 3. Determine g(l).
2
Suppose -1112*n = -1117*n. Let z(y) = -2 + 5*y + y - 7*y + n*y + y**2. What is z(0)?
-2
Let g(j) = -2*j**2 + 2*j + 7. Let p(x) = 7*x**2 - 111*x - 22. Let t be p(16). What is g(t)?
-77
Let h = -95 - -324. Let i(l) = -228 - 2*l + 3*l**3 - 4*l**3 + h - 3*l**2. What is i(-2)?
1
Let y(q) be the second derivative of -q**3/3 - 11*q**2/2 - 3758*q. Give y(-1).
-9
Let o(i) = 43*i. Let r(g) = 151*g. Let n(u) = 7*o(u) - 2*r(u). Suppose -m - 3 = -1. Let p be 5 - (-1)/m*2. Determine n(p).
-4
Let x(p) be the second derivative of 1/20*p**5 + 5/12*p**4 + 186*p + 0 + 0*p**3 + 3*p**2. Give x(-6).
-30
Let x(l) = -l**2 - 22*l - 4. Let p(i) = i - 1. Let q(a) = -4*p(a) - x(a). Let c be q(-14). Let o = c - -44. Let h(t) = -t**3 - 4*t**2 - t - 2. Determine h(o).
2
Suppose 2*w = c - 3, -136*c + 139*c + 15 = 2*w. Let f(h) = -h**2 + 4 + 2 - 9*h - 4. Give f(c).
2
Let r = 4 - -3. Let a(x) = x**2 - 6 - 15 - r*x + 22. Give a(5).
-9
Let b(y) = -3*y - 43. Suppose 3*r + 230 = -0*h - 5*h, 5*r + 92 = -2*h. Let m = h + 33. Let k be b(m). Let q(t) = -t**3 - 4*t**2 - t - 3. What is q(k)?
1
Let z(w) be the third derivative of w**6/120 + 2*w**5/5 - 25*w**4/24 + 526*w**2. Calculate z(-25).
0
Let l(a) = -a - 12. Let r = -336 - -367. Suppose 193 = -14*w - r. Give l(w).
4
Let i(m) = m**3 - 11*m**2 - 11*m - 15. Suppose -5*s + 5*k = -10, 5*s + 3*k = 9 - 31. Let n be (s/(-6))/(8/16)*18. Calculate i(n).
-3
Let a = -48 + 52. Let l(s) = -s**2 + s**3 + 5*s - 2 + 1 - 2*s - a*s. Let d = 10 - 10. Give l(d).
-1
Let o(q) = q**2 + 11*q + 28. Let n = 278 + -286. What is o(n)?
4
Suppose 0 = 5*z - 8*z + 21. Suppose -z*b = -10 - 11. Let q(r) = 6*r**3 + r + r**2 - 2*r**2 + 5*r**3 - b*r**3. What is q(1)?
8
Let d(h) = 282*h + h**2 + 283*h - 559*h + 2. Let k be 14/(-35) - (-28)/(-5). Calculate d(k).
2
Let s(b) = 42*b + 111*b + b**3 - 24 + 20*b**2 - 57*b. Calculate s(-9).
3
Let i(r) = -r**2 - 22*r - 115. Suppose -232*u - 133 - 110 = 1381. What is i(u)?
-10
Let x = 57 + -60. Let w(q) = 16*q + 3. Let m(y) = -9*y - 1. Let j(v) = x*w(v) - 5*m(v)